 (30/(-35))/((-2)/308). Suppose -3*u + 41 = -g, -u + 5*g + 53 = 16. Calculate the highest common factor of a and u.
12
Let l(q) = q**2 + 9*q + 9. Let h be l(-8). Let g(o) = o - 5. Let m be g(12). Calculate the highest common factor of h and m.
1
Let b(j) = j**3 - 3*j**2 + 17*j. Let p be b(6). Calculate the highest common divisor of 42 and p.
42
Suppose -1 - 19 = -g. Calculate the highest common factor of g and 8.
4
Let b be 1/((-3)/10)*-21. Suppose -5*g + b = 25. What is the highest common divisor of 27 and g?
9
Let j be (-1317)/(-21) - 4/(-14). What is the highest common divisor of 7 and j?
7
Suppose -5*q + 141 = 3*j, -207 = -5*j - 2*q + 3*q. Suppose -4*k + 18 = -j. Calculate the greatest common factor of 6 and k.
3
Suppose 4*b + 6*r = 3*r + 7, 4*r - 5 = -b. Calculate the highest common factor of b and 9.
1
Let q(g) = -g + 49. Let k be q(19). Let p(f) = 11*f**2 + 1. Let m be p(-2). Calculate the greatest common divisor of m and k.
15
Suppose 24 = 3*x - x. Let m be 2/8 - 19/(-4). Let b(o) = -o**3 + 6*o**2 - o - 2. Let w be b(m). What is the highest common factor of w and x?
6
Suppose -164 - 355 = -5*b + 3*s, -b = 2*s - 109. Let u(r) = 14*r**2 + 1. Let o be u(1). What is the greatest common divisor of o and b?
15
Let q = 7 + 17. Let n = q - 15. What is the greatest common factor of 27 and n?
9
Let s be 6/(-2) - -1 - -33. Calculate the greatest common factor of 248 and s.
31
Let n be (-1)/(1 + 33/(-30)). Calculate the greatest common divisor of n and 80.
10
Let f(a) = -2*a**3 + 79*a**2 - 34*a - 63. Let j be f(39). Let k be 11 - (0/2 - 1). What is the highest common divisor of k and j?
12
Let s(g) = 2*g**3 - 4*g**2 + 2*g + 3. Let d be s(3). Suppose 3*b + 15 = 8*b. Calculate the greatest common divisor of d and b.
3
Suppose -3*i = -8*i - 10. Let t be (4/6)/(i/(-6)). Suppose 0*p + p = -2, -t*r + 3*p = -116. Calculate the highest common factor of 22 and r.
11
Let q = -29 - -38. Calculate the highest common divisor of q and 9.
9
Let l(y) = 19*y - 2. Let x be l(2). Calculate the highest common divisor of x and 54.
18
Let b = 159 - 5. What is the greatest common divisor of 22 and b?
22
Let q(x) = 9*x**2 - x. Let u be q(-2). What is the greatest common divisor of u and 266?
38
Let y(n) = 4*n**3 - 7*n**2. Let p be y(4). Let j be 4/12 - 106/(-6). What is the greatest common divisor of j and p?
18
Suppose -7*i = -3*i - 5*x - 7, -13 = -5*i + 2*x. Suppose -4 + 58 = i*g. Let p be 2/(-4) + 50/4. Calculate the greatest common factor of p and g.
6
Suppose 0 = -2*i + 2*p + 46, -4*i - i - 2*p = -87. Calculate the greatest common factor of i and 209.
19
Suppose 4*s - 4*p - 128 = 0, 0 = 5*s + 10*p - 7*p - 160. Calculate the highest common factor of 16 and s.
16
Suppose 0 = -4*h + 2*x - 32, -4*x = 4*h + 32 - 12. Suppose 2*u = u + 5*v - 5, -v - 32 = 2*u. Let w = h - u. Calculate the highest common divisor of 64 and w.
8
Let b be 6/(-5)*(-140)/6. Let s be 2/(-7) - (-848)/b. Let w(z) = 6*z**2 - z - 1. Let c be w(-1). What is the greatest common factor of s and c?
6
Suppose 90 = -0*z + 15*z. What is the highest common divisor of 21 and z?
3
Let b(j) = j**3 - 7*j**2 + 3*j. Let g be b(7). Suppose -27 = -2*d + n, -2*n + 5 = d - 11. Calculate the greatest common factor of d and g.
7
Let g = -31 + 43. What is the greatest common factor of 96 and g?
12
Suppose 2*p + 28 - 42 = 0. What is the highest common factor of p and 21?
7
Let f be (-2)/(-12) + 2514/36. Suppose -v = -6*v + f. Suppose 14 = -r + 49. What is the greatest common factor of v and r?
7
Suppose -2*r = 3*t - 4, 5*r - 10 = -2*t - t. Suppose -4*c + 24 = m - 8, 2*m = r*c + 44. What is the highest common factor of m and 8?
8
Let a(k) = 2*k**2 - 10*k - 1. Let n be a(10). What is the highest common divisor of 9 and n?
9
Let s be (-308)/(-26) - 26/(-169). Calculate the highest common factor of 132 and s.
12
Suppose -4*x - 26 = 2*u, -2*x - 2*u = -5*u + 9. Let d be (4/x - -2)*33. Calculate the greatest common factor of d and 4.
4
Let u = -2 - -7. Let h be 53/u + (-2)/(-5). Suppose -608 = -8*x + 360. Calculate the greatest common factor of x and h.
11
Let k = -47 + 62. Suppose 98 = 5*t + x, -3*t + 0*t + 56 = 2*x. Let r = t + -5. What is the greatest common divisor of k and r?
15
Let n be (62/3)/((-24)/(-36)). Let w = 49 - n. Suppose -4*t - 5*r = -3*t - 157, 3*t - 481 = -5*r. Calculate the highest common divisor of t and w.
18
Suppose 0 = -3*y - 4*n + 155, 0 = -5*y + n + 3*n + 237. Let p = y - 27. Let d = -134 - -200. What is the greatest common factor of p and d?
22
Suppose -2*b - 4*c = -438, 4*b - 418 = -5*c + 461. Calculate the greatest common factor of b and 17.
17
Suppose 8 + 7 = f + 5*c, -4*f = c - 79. Calculate the greatest common divisor of f and 5.
5
Let x = 48 + -26. Suppose -2 + 5 = 3*s. Let m = x - s. Calculate the greatest common factor of 14 and m.
7
Suppose g - 2*k = 7 - 0, -3*k - 42 = -5*g. Let x(o) = 2*o**2 - 10*o - 1. Let q be x(g). Let z = q - 11. Calculate the highest common factor of 20 and z.
20
Let u be 20/(-2)*(-9)/6. Let t = -217 - -262. Calculate the highest common divisor of t and u.
15
Let u(d) = 21*d**2 - 2*d + 1. Let h be u(1). What is the highest common divisor of h and 10?
10
Let x be 2012/14 + 4/14. Calculate the greatest common factor of x and 18.
18
Let j(x) = 2*x**3 - x**2 + x. Let z be j(1). Suppose 0 = 5*m - v - 8, z*m + 1 = -3*v - 6. Suppose 2*n - m = 5. What is the highest common divisor of 12 and n?
3
Let p = 69 - 48. What is the greatest common divisor of 147 and p?
21
Let y be -20 - ((-2)/(-1) - 1). Let b = 35 + y. What is the greatest common divisor of 56 and b?
14
Suppose -2*s + 5*q + 35 + 44 = 0, 0 = 3*s + 4*q - 61. Suppose -b = 3 - 8. Suppose b + 4 = k. What is the greatest common factor of s and k?
9
Let h be (2/4*4)/1. Let t = 7 + h. Let x = 47 - -16. Calculate the highest common divisor of t and x.
9
Suppose 0 = 3*m - 5*h - 140, 16 - 52 = -m - h. Suppose -3*a = -a - 20. What is the highest common factor of a and m?
10
Let w = 1 + -1. Suppose -z - 5*f + 65 = w, -3*z + 316 - 36 = -2*f. What is the highest common factor of z and 10?
10
Suppose -4*f + 59 - 23 = 0. Let s = f + -1. Calculate the highest common divisor of s and 12.
4
Let k = 15 - 23. Let z be (36/10)/(k/(-20)). What is the highest common divisor of z and 3?
3
Let w(k) = k**3 - 4*k**2 + 6*k - 9. Let y be w(4). Let l = 19 + 30. Let h = 79 - l. What is the highest common factor of h and y?
15
Suppose 0 = -3*r - 2*r + 165. Suppose -4*t + 52 = 4*d, 2*t = 5*d - 0*d + r. Suppose 2*h = -74 + 214. What is the highest common divisor of h and t?
14
Let q be 488/4*(2 + -1). Let p be q/14 + 12/42. What is the highest common divisor of 99 and p?
9
Let n(a) be the third derivative of a**4/24 + 5*a**3/6 - 2*a**2. Let r be n(0). Suppose v - r*v = -56. What is the greatest common factor of v and 14?
14
Let w(a) = -a**3 + 9*a**2 - a + 2. Let j(m) = m**2. Let g be j(-2). Let f be w(g). Suppose -2*y = y - f. What is the highest common factor of 39 and y?
13
Suppose o - 2*o + 183 = -2*c, -4*o + 740 = -4*c. What is the highest common divisor of 17 and o?
17
Let k be 2 - ((-9)/3)/1. What is the highest common factor of 5 and k?
5
Suppose -2*u + 3 = -3. Let o = 80 + -56. Let t be o + 2 + (-6)/u. Calculate the highest common factor of t and 60.
12
Let r(d) be the second derivative of -d**3/6 + 7*d**2/2 + d. Let t be r(-5). What is the greatest common divisor of t and 6?
6
Let g be (1/1 - -1)/(-2). Suppose -4*j = n - 46 - 48, 2*j - 4*n = 56. Let z be (j - g)*(-6)/(-15). Calculate the greatest common factor of z and 25.
5
Let q(f) = 3*f**2 + 7*f + 7. Let u be q(-8). Calculate the greatest common factor of 13 and u.
13
Suppose 0 = -5*j + 34 + 1341. Suppose -26*n + 800 = 6*n. What is the highest common factor of n and j?
25
Suppose -2*c = -2 - 6. Suppose c*o + 45 = 237. Suppose r = -3*r + o. Calculate the greatest common divisor of 84 and r.
12
Let h(u) = 7*u**2 + 3*u - 1. Let s be h(1). Calculate the highest common divisor of 18 and s.
9
Let x = -29 + 41. Calculate the greatest common divisor of 84 and x.
12
Suppose -8*y - 102 = -2*o - 5*y, -4*y = 5*o - 209. What is the greatest common factor of 15 and o?
15
Let i = 141 + -99. Suppose -3*t - 3*k = -48, -t = -k - 3*k - 6. Calculate the highest common factor of i and t.
14
Let r be (-949)/(-7